e tens digit of s?
1
Let q(s) = 8*s**3 - s**2 + s - 1. Let v(i) = i**3. Let c(a) = q(a) - 5*v(a). Let u be c(1). Let o = u - -7. What is the units digit of o?
9
What is the tens digit of (-140)/(-12)*(-2 + 5)?
3
Let u = 33 - -65. What is the units digit of u?
8
Let a = -4 - -8. Suppose -2*v - 4*d + 6*d = -12, -2*v + a*d = -2. What is the tens digit of v?
1
Let o = 14 + -2. Suppose -3*h + 5*h - o = 0. Suppose -3*w - h*u = -2*u - 10, -20 = -3*w + u. What is the units digit of w?
6
Let u(n) = -4*n + n**2 - 2 - 8 + 0*n**2. Let w be (-3 + 8/4)*-7. What is the units digit of u(w)?
1
Let n = 20 - 3. What is the units digit of n?
7
Let m(n) = -2*n - 6. Let a(i) = 4*i + 13. Let d(b) = 2*a(b) + 5*m(b). Let v be d(-4). Suppose 39 = -v*h + 7*h. What is the units digit of h?
3
Suppose -66 = -6*x + 288. What is the tens digit of x?
5
Let y(s) = -s**2 + 3*s + 5. Let j be y(7). Let a = j - -6. Let u = a + 24. What is the units digit of u?
7
Let s = -7 - -10. Suppose 34 = s*c - 5. Suppose -4*y + c = -7. What is the units digit of y?
5
Let o(g) = -2*g**3 - 6*g**2 - 6*g - 2. Let l be o(-3). Suppose 48 = 4*x + l. What is the units digit of x?
8
Let c = 40 + -9. What is the units digit of c?
1
Let z be 0 + -5 + 3 + 3. Suppose 2*s + 4*r + 1 = -z, 0 = -3*s - 3*r + 9. What is the units digit of s?
7
Suppose 0 + 6 = g. Suppose 2*t - g = -2. What is the units digit of t?
2
Suppose 1072 = 3*u + 5*u. What is the units digit of u?
4
Let r be (0 + -8)*1/(-2). Suppose 5*y + 1 = -2*s, -5*s + 0*y + 6 = r*y. Suppose -s*z + 30 = z. What is the units digit of z?
0
Let t be 0 + 3/((-6)/40). Let x = 39 + t. What is the tens digit of x?
1
Suppose 8 = 5*z - 4*b, 4*b = -3*z - 0*b + 24. Suppose w + w = z. Suppose -w*r = r - 6. What is the units digit of r?
2
Let t = 17 + -9. Suppose 2*m + 55 = -5*r, -3*m - 46 - t = -2*r. What is the units digit of (-4 + 1)/(6/m)?
0
Let b(r) = r**3 - 4*r**2 - 6*r - 8. What is the tens digit of b(6)?
2
Suppose -2*t + 16 = 2*t. Suppose -j - t*x + 0*x = -34, 5*j - 128 = x. What is the tens digit of j?
2
Let a be (-1)/(-2) + 10/20. Let q = 25 - a. What is the tens digit of q?
2
Let w(x) = -x**3 + 6*x - 10. What is the units digit of w(-5)?
5
Let b(s) = 7*s**3 - 2*s**2 - 2*s + 3. Let n(z) = -10*z**3 + 3*z**2 + 3*z - 4. Let v(y) = 7*b(y) + 5*n(y). What is the units digit of v(-2)?
1
Let r = 11 - 11. Let v = 8 + r. What is the units digit of v?
8
Suppose -h - 3*z - z + 20 = 0, 3*z - 54 = -4*h. Let y = 17 + h. What is the units digit of y?
9
Suppose s = -2*f + 61, 2*f + 66 = s + 5*f. What is the tens digit of s?
5
Let n be (0 - -6)/((-33)/44). Let q(l) be the third derivative of -l**4/24 + l**3/6 + l**2. What is the units digit of q(n)?
9
Suppose -73 = 2*z + 3*l, 3*l + 82 = -3*z - 23. Let f = z + 46. What is the tens digit of f?
1
Let j(n) be the second derivative of -n**3/6 - n. Let p be j(-3). Suppose -p*o - 68 = -7*o. What is the tens digit of o?
1
Suppose -3*q - 14 = a - 43, -5*a + 109 = 3*q. What is the tens digit of a?
2
Suppose -4*q + 6*q = 6. Suppose 0 = -2*r + 2*f + 2 - 0, -q*f = -9. What is the units digit of r?
4
Suppose 0 = 3*m + 2*v + 2, -5*m = -3*v + 4*v - 6. Let h(n) = -2 - m*n + 0*n + 0*n. What is the units digit of h(-2)?
2
Suppose -2*j = 36 - 496. What is the tens digit of j?
3
Suppose -3*q - 8*q = -1155. What is the tens digit of q?
0
Suppose 3*b - v = -2, 3*b - 14 = 4*b - 3*v. What is the units digit of 17 + (-2 - b) + -3?
1
Let c = 77 - 15. What is the units digit of c?
2
Let n = -17 + 24. Suppose -5*k = -4*j + 30, -j = 2*k + 2 - 3. Let t = n - j. What is the units digit of t?
2
Suppose 84 = -0*b + 4*b - 5*w, 0 = -w. What is the tens digit of b?
2
Suppose 0 = -6*t + 1 + 23. Suppose 4*j + 43 = 3*z - j, -t*j + 20 = z. What is the units digit of z?
6
Let h(o) = -o**2 - 32*o - 32. What is the units digit of h(-29)?
5
Suppose -2*u + 5 - 13 = 0. Let t be 6/u - (-15)/10. Suppose -4*g + c + 3 = 0, 0 = 5*g - t*g + 5*c - 10. What is the units digit of g?
1
Let f = -3 - -4. Let d be f/((-3)/(-10))*-3. Let a = d + 25. What is the units digit of a?
5
Let o = 7 - 5. What is the units digit of o/5*(20 + 0)?
8
Let c = 5 + 25. What is the tens digit of c?
3
Let k = 21 + -19. Suppose 179 = 2*o + 3*o - k*s, -3*s = -3*o + 111. What is the tens digit of o?
3
Let f(r) = -r**2 + 3*r - 2. Let z be (-1)/(-1*3/6). Let m be f(z). Suppose m = -4*y + 9 - 1. What is the units digit of y?
2
Suppose 0 = -2*p - r - 1, 1 = p - 0*p - r. Suppose 5 = -p*d - d. Let s = d + 15. What is the units digit of s?
0
Let h = 90 - 63. Let i = h - 19. What is the units digit of i?
8
Let k = 29 - -2. What is the units digit of k?
1
Suppose 8*k = 6*k + 22. What is the units digit of k?
1
Let r(w) be the second derivative of -w**4/12 - 5*w**3/6 - w**2/2 - w. What is the units digit of r(-4)?
3
Let r = -208 - -297. What is the tens digit of r?
8
Let j(b) = -b**2 + 5*b + 16. Let h be j(7). What is the units digit of 4 - -42 - (h + -1)?
5
Suppose 0 = -2*v - 2*v + 8. What is the units digit of (26/1)/(v + 0)?
3
Suppose -2*u - 2*t + 14 = -3*t, 3*t + 24 = 4*u. Let h = u - 24. Let x = -9 - h. What is the units digit of x?
6
Suppose 56 = d + 22. What is the tens digit of d?
3
Let j(p) = p**2 + 2*p + 4. Let x(z) = z**2 + 9*z - 4. Let c be x(-9). What is the tens digit of j(c)?
1
Let q(s) be the first derivative of -s**3/3 - 3*s**2 + 6*s + 1. What is the units digit of q(-5)?
1
Suppose 0 = 3*s + 5*k - 37, s = 4*k - k - 11. Let o be -3 + s + 8 + 1. Suppose -10 = -4*r + o. What is the units digit of r?
5
Let h = 99 - 40. What is the units digit of h?
9
Suppose -3*u + 2*u = 1. Let b = 1 - u. Suppose p - b*d = -d + 3, 0 = -3*p - 4*d + 44. What is the units digit of p?
8
Let l = -18 - -36. What is the tens digit of l?
1
Suppose -8*w = -4*w + 12. What is the units digit of 1 + w - 29/(-1)?
7
Let m(q) = 5*q + 1. Let v be m(4). Suppose -y = -x - v, 0*x + 97 = 5*y - x. What is the units digit of y?
9
Suppose 3*l + 3 + 0 = 0. What is the units digit of l*(-1 - 14 - -2)?
3
Suppose 0 = j - 2. Suppose -2*d = 2*u - 4, -5*u = 3*d - 8 + j. Suppose -5*w + 5 = -u*w. What is the units digit of w?
1
Suppose -36 = -4*q + 4*g, 3*g = -5*q - 2*g + 65. What is the tens digit of q?
1
Let q = -16 - -15. Let r(c) = -3*c**2 + 11*c**2 - 2 + 3. What is the units digit of r(q)?
9
Let f(m) = -m - 2. Let w be f(2). What is the units digit of (-1)/w - 190/(-8)?
4
Suppose 4*z = -3*b - z + 33, 5*b + 2*z = 36. Let i(m) = 4*m - 6. Let o be i(b). What is the units digit of (o/(-24))/((-2)/8)?
3
Suppose -8*a = -14*a + 612. What is the units digit of a?
2
Suppose z = 6*z - 35. What is the units digit of z?
7
Suppose 42*g = 47*g - 665. What is the tens digit of g?
3
Let a = -17 - -26. Suppose a = 2*g - 7. What is the units digit of g?
8
Suppose -6*r = -14*r + 408. What is the tens digit of r?
5
Let a = 28 - -3. What is the tens digit of a?
3
What is the tens digit of 13 + 0 + 5 + -7?
1
Let m(k) = k**3 - 10*k**2 + 9*k + 1. Let h be m(9). Suppose 3*a = -t + 10 - h, 5*t + 15 = 0. What is the units digit of a?
4
Let u = -9 + 41. What is the units digit of u?
2
Let r = 3 - 1. Let g be -3*(r - (-1)/(-1)). Let n = g + 12. What is the units digit of n?
9
Let r(h) = -h**3 - 2*h - 5. What is the units digit of r(-3)?
8
Let c(b) be the third derivative of b**6/120 - b**5/15 + b**4/6 - b**3/3 - 2*b**2. What is the units digit of c(3)?
1
Suppose -23 = 5*r - 63. Suppose j - r = -2. Suppose n - 3*w = 24 - j, -5*w = 5*n - 50. What is the tens digit of n?
1
Suppose 2*k - 2*p + 20 = -2, -5*p = 15. Let x = -10 - k. Suppose -x*i = -9*i + 35. What is the units digit of i?
7
Let z(q) = -11*q + 3*q**2 + 0*q + 1 + 6. What is the tens digit of z(5)?
2
Suppose -4*v + 3*r + 29 = 0, -4*v + r + 20 = -3. Suppose -3*y - x - 6 = 0, 4*y - 2*x + 13 = -v*x. What is the units digit of (-4 + (y - 0))*-1?
5
Let t = -3 + 8. Suppose -2*n + 3 = -t. What is the units digit of n?
4
Let y be (-1)/(-2) - 3/6. Let c(d) be the second derivative of d**5/20 - d**4/12 - d**3/6 + 9*d**2/2 - 2*d. What is the units digit of c(y)?
9
Let v(i) be the first derivative of -i**4/4 - i**3 + i**2/2 - 5*i - 3. What is the units digit of v(-4)?
7
Suppose -3*j = 5*m - 394, m + 5*j + 216 = 4*m. What is the units digit of m?
7
Let y(o) = -o - 10. Let c be y(-7). What is the units digit of ((-258)/4)/(c